
10
Let r = 48 + 132. Calculate the greatest common divisor of r and 20.
20
Let d be (-1)/(-1)*-1 - -3. Suppose 5*f - 1 - 14 = 0. Calculate the highest common divisor of d and f.
1
Let a(o) = 7*o - 12 + 12. Let p be a(3). Suppose p = -s + 69. Calculate the greatest common divisor of 6 and s.
6
Let l(j) = j**3 + 8*j**2 - j + 19. Let y be l(-7). Let p = 38 + -7. Let k be p + -1 + 2 + -2. Calculate the greatest common factor of y and k.
15
Let w(h) = 2*h**2 - 5*h - 2. Let x be w(6). Suppose 3*p - 2*p = 10. Calculate the greatest common divisor of p and x.
10
Let g be -3 - 4 - -4 - -33. Let l be (-1)/(-1)*-3*1. Let u be 1/l - (-37)/3. Calculate the highest common divisor of u and g.
6
Let a = 24 - 22. Calculate the highest common divisor of a and 14.
2
Suppose -5*i - 216 = -11*i. What is the highest common factor of i and 4?
4
Suppose n = 4*z + z - 59, -n = 4*z - 40. Calculate the highest common factor of z and 77.
11
Suppose -4*w + 6 = 2. Let s be 45/2 + w/2. Calculate the highest common factor of s and 23.
23
Let v(c) = 2*c + 5. Let k(m) = -m + 1. Let b(t) = 3*k(t) - v(t). Let h be b(-2). Calculate the highest common factor of 8 and h.
8
Let s(n) = 3*n**2 + 3*n - 7. Let t be s(5). Let y be t + (2 - 4)*1. What is the highest common divisor of y and 9?
9
Let v(t) = t**3 - 12*t**2 + 11*t + 8. Let w be v(11). Let x be 4/1*w + -2. What is the highest common factor of x and 12?
6
Suppose -6*h = -2*h - 28. Let y = 8 - h. Let s be (2 - y)/(1/90). What is the highest common divisor of 10 and s?
10
Let d = -6 - -2. Let h(x) = -x**2 - 5*x - 3. Let r be h(d). Let s be r*1/2*242. What is the highest common factor of 11 and s?
11
Let f be 19/114 + 3070/12. What is the greatest common divisor of f and 32?
32
Suppose o - 4 = 4*c - 2, -o = -5*c - 1. Suppose -p + 210 = 4*p. Calculate the greatest common factor of p and o.
6
Let y be (-6)/3 + 0 - -8. Let f be (-100)/y*(-36)/15. Suppose f = -b + 2*b. Calculate the highest common divisor of b and 5.
5
Let f = -21 - -30. Suppose 14 = 4*n + 2. Suppose 126 = t + 2*t - 3*o, 2*t = n*o + 81. What is the highest common factor of f and t?
9
Let d(i) = 4*i**2 + 2. Let p be d(-2). Let h = 37 - p. Suppose 0 = -2*g + h - 7. What is the greatest common factor of g and 9?
3
Let l be (10 + 4/2 - 1)*1. Let r(y) = y**3 - y**2 + y + 77. Let j be r(0). What is the greatest common factor of j and l?
11
Let h = 185 - 73. Calculate the highest common factor of 16 and h.
16
Let f = -20 + 28. What is the greatest common divisor of f and 2?
2
Suppose -6*z = 2*z - 256. Suppose 4*r = 2*r + 16. What is the greatest common divisor of r and z?
8
Let i be (-2)/3*(-3)/2. Let g(n) = -n**3 + 8*n**2 - 8*n + 9. Let v be g(7). Let p be v/4 + 17/2. What is the greatest common divisor of p and i?
1
Let n = 31 + -4. Let s = 16 + -7. What is the greatest common factor of s and n?
9
Suppose 2*d - 101 = -4*x - 3*d, 2*x + 4*d = 52. Calculate the greatest common divisor of 216 and x.
24
Suppose 5*x = -2*y + 1010, 2*x + 3*x + 3*y = 1015. Suppose -x = -5*z + 120. Suppose 0 = r + r - z. Calculate the greatest common divisor of r and 48.
16
Let h(g) = -g + 42. Let z be h(-12). Let k = 12 - 6. What is the highest common factor of z and k?
6
Let w = 73 + -65. Calculate the greatest common divisor of 72 and w.
8
Suppose 5*q - 12*q + 539 = 0. What is the greatest common divisor of 22 and q?
11
Suppose 19*a - 48 = 18*a. What is the greatest common factor of a and 16?
16
Suppose -4*h - 2*p + 4 = 0, -5*h + 5*p - 10 = -2*h. Let s be 9/3 - (-88 - h). What is the greatest common factor of 13 and s?
13
Suppose -3*d - d = 0. Suppose -3*c - 19 = -5*u, -4*c - 4*u + u - 6 = d. Let z be ((-40)/12)/(1/c). What is the highest common divisor of z and 90?
10
Suppose 17*m - 155 = 12*m. Suppose -m = -2*o + 17. Suppose -3*x + 4*x = -k + 7, 0 = -2*k - x + 19. What is the highest common factor of k and o?
12
Let n(p) = -p + 7. Let c be n(0). Suppose 20 = -5*x + c*x. What is the highest common divisor of 20 and x?
10
Suppose 2*b + 9 = -x + 6*x, b - 6 = -x. What is the greatest common divisor of 9 and x?
3
Suppose 0 = -4*j + 5*j. Suppose j*i - 1 = -i. Let h be -2 - 39*-1 - i. What is the highest common factor of 9 and h?
9
Let x be (-8)/(-24) - 10/(-6). Let u be (-2 - (-6)/4)*42. Let p be 6/(-9)*u/x. Calculate the highest common factor of 63 and p.
7
Suppose -24 = -3*r + 12. Let a be 183/r - (-1)/(-4). Calculate the highest common factor of 120 and a.
15
Suppose -5*o - 80 = -5*f, -4*o = o. Suppose -2*n + 2 = -4. Suppose 0 - 12 = -n*v. Calculate the highest common factor of f and v.
4
Suppose -i - 3*z + 39 = 0, -2*i - 3*i + 127 = -2*z. Calculate the greatest common factor of 108 and i.
27
Suppose 3*o - 150 = 2*o. Let f = o + 18. Suppose 0 = -0*q + 3*q - f. What is the greatest common factor of 8 and q?
8
Suppose 0*c = -2*c + l + 33, 4*c = 4*l + 68. Calculate the greatest common factor of c and 24.
8
Let q = 7 - 6. Let d = q - -2. Let a be 135/3*d/3. Calculate the highest common divisor of 30 and a.
15
Let o be (1 - 3)/2 + 20. Let v = -79 - -117. Calculate the highest common factor of v and o.
19
Suppose -3*g = -4*o - 7*g - 28, 2*g = -o - 6. Let y = -3 - o. What is the highest common divisor of 5 and y?
5
Let k be ((-4)/8)/(2/(-240)). Calculate the greatest common factor of 15 and k.
15
Let b be (-125)/(-6) - 1/(-6). Suppose 316 = -3*t + 4*j, -j + 346 = -3*t - 3*j. Let i = t + 196. Calculate the highest common divisor of i and b.
21
Let s(p) = -71*p**3 + p. Let o be s(-1). Suppose 150 = 12*v + 3*v. Calculate the greatest common factor of v and o.
10
Let o(c) = 153*c**2 - c. Let z be o(1). Let f = z + -9. Let t be (-76)/(-6) + 1/3. Calculate the highest common divisor of f and t.
13
Let b be ((-2)/4*6)/(6/(-14)). What is the greatest common divisor of 28 and b?
7
Suppose 0 = 5*v - 0*v - 180. Let c = -18 - -9. Let u be ((-24)/c)/(2/9). What is the greatest common divisor of u and v?
12
Suppose -69 - 107 = -4*z. Calculate the highest common divisor of 66 and z.
22
Let q(r) = r**3 - r**2 + r. Let b(l) = 6*l**3 - 11*l**2 + 7*l + 3. Let c(u) = b(u) - 5*q(u). Let f be c(7). Calculate the highest common factor of f and 6.
6
Let j = 87 + -24. Calculate the highest common factor of j and 9.
9
Suppose -5*h + 37 = s + 2*s, -2*s + 33 = 5*h. Let y be 55*(6/h + 2). Suppose u - 8 = 8. Calculate the greatest common factor of u and y.
16
Let u be 6 + (0 - 2/2). Suppose 0 = u*a - 3*l - 19, 0*a + l - 5 = -4*a. Let x = 47 + -33. Calculate the greatest common factor of x and a.
2
Suppose 6 = 2*h + 18. Let a(d) = d**2 + 4*d - 6. Let r be a(h). Suppose 0 = -2*b + 5*z + 7, -z = 5*b + 2 - r. Calculate the highest common divisor of b and 1.
1
Let l(v) = v**3 + 6*v**2 - 3*v - 4. Let a be l(-7). Let j = -18 - a. Calculate the greatest common divisor of 42 and j.
14
Let g(x) = -x**2 + 2*x + 1. Let k be g(-1). Let c = 0 - k. Suppose 5*z - 3*f + c = 0, 2*z - 4*f + 9 = -3. Calculate the greatest common factor of 22 and z.
2
Suppose -77 = 4*j - 101. Calculate the greatest common divisor of 15 and j.
3
Let c = 66 - 58. What is the greatest common factor of c and 64?
8
Let k(i) = i**3 + i**2 + i + 6. Let y be k(0). Let c(p) = 2*p**2 + 5*p + 2. Let h be c(4). What is the greatest common divisor of y and h?
6
Let u be 4*(-1 - 179)/(-5). What is the greatest common divisor of 36 and u?
36
Suppose -4*x + 6 = -22. What is the highest common divisor of x and 7?
7
Suppose -l + 741 = 2*t, 3*t - 3*l = -2*t + 1869. Calculate the greatest common factor of 31 and t.
31
Let l(h) be the third derivative of -2*h**2 + 0*h**3 + 0 + 0*h + 7/24*h**4. Let w be l(8). Calculate the greatest common factor of w and 14.
14
Let z(y) = -3*y + 4. Let x be (-2)/(-7) + 46/(-14). Let k be z(x). What is the greatest common factor of k and 117?
13
Let f(v) = 3*v**2 - v - 6. Suppose -3*b + 33 = -5*c, 2*b - 4*c = -3*b + 42. Let t be f(b). Calculate the greatest common factor of t and 32.
32
Suppose -3*t = -8*t - s + 408, 3*s = 4*t - 315. Calculate the greatest common divisor of 54 and t.
27
Let g = -51 - -156. Calculate the highest common divisor of 15 and g.
15
Let v be (9/(-5))/(15/(-100)). What is the highest common factor of v and 36?
12
Let o be ((-2)/10)/((-1)/(-6))*-5. What is the highest common divisor of 138 and o?
6
Let j = -8 + 17. What is the hi